{"id":27,"date":"2024-03-29T17:00:42","date_gmt":"2024-03-29T20:00:42","guid":{"rendered":"https:\/\/classmarketing3.wordpress.com\/?page_id=27"},"modified":"2024-03-29T17:00:42","modified_gmt":"2024-03-29T20:00:42","slug":"servicos","status":"publish","type":"page","link":"https:\/\/classmarketing.com.br\/?page_id=27","title":{"rendered":"Servi\u00e7os"},"content":{"rendered":"\n<div class=\"wp-block-group alignfull is-content-justification-center\" style=\"margin-top:0;margin-bottom:0;padding-top:calc( 0.5 * var(--wp--style--root--padding-right, var(--wp--custom--gap--horizontal)));padding-right:var(--wp--style--root--padding-right, var(--wp--custom--gap--horizontal));padding-bottom:calc( 0.5 * var(--wp--style--root--padding-right, var(--wp--custom--gap--horizontal)));padding-left:var(--wp--style--root--padding-left, var(--wp--custom--gap--horizontal))\"><div class=\"wp-block-group__inner-container is-layout-constrained wp-container-core-group-is-layout-3c4d4bd5 wp-block-group-is-layout-constrained\">\n<div style=\"height:calc( 0.25 * var(--wp--style--root--padding-right, var(--wp--custom--gap--horizontal)))\" aria-hidden=\"true\" class=\"wp-block-spacer\"><\/div>\n\n\n\n<h2 class=\"wp-block-heading alignwide has-text-align-center has-xx-large-font-size\"><\/h2>\n<\/div><\/div>\n\n\n\n<div class=\"wp-block-group alignfull is-content-justification-center\" style=\"margin-top:0;margin-bottom:0;padding-top:calc( 0.5 * var(--wp--style--root--padding-right, var(--wp--custom--gap--horizontal)));padding-right:var(--wp--style--root--padding-right, var(--wp--custom--gap--horizontal));padding-bottom:calc( 0.5 * var(--wp--style--root--padding-right, var(--wp--custom--gap--horizontal)));padding-left:var(--wp--style--root--padding-left, var(--wp--custom--gap--horizontal))\"><div class=\"wp-block-group__inner-container is-layout-constrained wp-container-core-group-is-layout-b073b61b wp-block-group-is-layout-constrained\">\n<div style=\"height:calc( 0.25 * var(--wp--style--root--padding-right, var(--wp--custom--gap--horizontal)))\" aria-hidden=\"true\" class=\"wp-block-spacer\"><\/div>\n\n\n\n<div class=\"wp-block-group alignwide\"><div class=\"wp-block-group__inner-container is-layout-constrained wp-block-group-is-layout-constrained\">\n<div class=\"wp-block-columns alignwide is-layout-flex wp-container-core-columns-is-layout-9d6595d7 wp-block-columns-is-layout-flex\">\n<div class=\"wp-block-column is-layout-flow wp-block-column-is-layout-flow\" style=\"flex-basis:40%\">\n<h2 class=\"wp-block-heading has-text-align-center has-large-font-size\">Direciono sua marca<\/h2>\n\n\n\n<figure class=\"wp-block-image size-large\"><img loading=\"lazy\" decoding=\"async\" width=\"1024\" height=\"768\" src=\"http:\/\/classmarketing.com.br\/wp-content\/uploads\/2024\/03\/brand.png?w=825\" alt=\"\" class=\"wp-image-26\" srcset=\"https:\/\/classmarketing.com.br\/wp-content\/uploads\/2024\/03\/brand.png 1024w, https:\/\/classmarketing.com.br\/wp-content\/uploads\/2024\/03\/brand-300x225.png 300w, https:\/\/classmarketing.com.br\/wp-content\/uploads\/2024\/03\/brand-768x576.png 768w\" sizes=\"auto, (max-width: 1024px) 100vw, 1024px\" \/><\/figure>\n<\/div>\n\n\n\n<div class=\"wp-block-column is-layout-flow wp-block-column-is-layout-flow\">\n<p>A sua marca \u00e9 seu maior patrim\u00f4nio.<br>Marcas que imprimem qualidade percebida simplificam a tomada de decis\u00e3o do cliente.<br>N\u00e3o seja mais um no mercado, atrav\u00e9s do trabalho de consultoria \u00e9 poss\u00edvel seu pequeno neg\u00f3cio se diferenciar e ocupar um lugar de destaque na mente do seu p\u00fablico-alvo.<br>Diga as pessoas qual seu diferencial:<\/p>\n\n\n\n<ul class=\"wp-block-list\">\n<li>Vou entender qual a espuma do seu neg\u00f3cio<\/li>\n\n\n\n<li>Mapear seu p\u00fablico-alvo<\/li>\n\n\n\n<li>Planejar um diferencial para sua marca<\/li>\n<\/ul>\n<\/div>\n<\/div>\n\n\n\n<hr class=\"wp-block-separator alignwide has-text-color has-alpha-channel-opacity has-background is-style-wide\" style=\"background-color:#4747471a;color:#4747471a\" \/>\n\n\n\n<div class=\"wp-block-columns alignwide is-layout-flex wp-container-core-columns-is-layout-9d6595d7 wp-block-columns-is-layout-flex\">\n<div class=\"wp-block-column is-layout-flow wp-block-column-is-layout-flow\" style=\"flex-basis:40%\">\n<h2 class=\"wp-block-heading has-large-font-size\">Gero Experi\u00eancias para seus Clientes<br><\/h2>\n\n\n\n<figure class=\"wp-block-image size-large\"><img loading=\"lazy\" decoding=\"async\" width=\"1024\" height=\"768\" src=\"http:\/\/classmarketing.com.br\/wp-content\/uploads\/2024\/03\/experiencia.png?w=1024\" alt=\"\" class=\"wp-image-30\" srcset=\"https:\/\/classmarketing.com.br\/wp-content\/uploads\/2024\/03\/experiencia.png 1024w, https:\/\/classmarketing.com.br\/wp-content\/uploads\/2024\/03\/experiencia-300x225.png 300w, https:\/\/classmarketing.com.br\/wp-content\/uploads\/2024\/03\/experiencia-768x576.png 768w\" sizes=\"auto, (max-width: 1024px) 100vw, 1024px\" \/><\/figure>\n<\/div>\n\n\n\n<div class=\"wp-block-column is-layout-flow wp-block-column-is-layout-flow\">\n<blockquote class=\"wp-block-quote is-layout-flow wp-block-quote-is-layout-flow\">\n<p><em>O sucesso n\u00e3o \u00e9 medido por suas metas.<br>O sucesso est\u00e1 nos olhos dos clientes<\/em><\/p>\n<\/blockquote>\n\n\n\n<p>N\u00e3o deixe que seus clientes se percam por a\u00ed, atraia e fidelize. Vamos criar a\u00e7\u00f5es para mudar o cen\u00e1rio.<br>Encante nos detalhes:<\/p>\n\n\n\n<ul class=\"wp-block-list\">\n<li>Vou mapear o comportamento daqueles que j\u00e1 compram ou compraram de voc\u00ea<\/li>\n\n\n\n<li>Planejar estrategicamente sua marca para atrair as pessoas certas<\/li>\n\n\n\n<li>Desenvolver uma cultura de atendimento <em>omnichannel<\/em><\/li>\n<\/ul>\n<\/div>\n<\/div>\n\n\n\n<hr class=\"wp-block-separator alignwide has-text-color has-alpha-channel-opacity has-background is-style-wide\" style=\"background-color:#4747471a;color:#4747471a\" \/>\n\n\n\n<div class=\"wp-block-columns alignwide is-layout-flex wp-container-core-columns-is-layout-9d6595d7 wp-block-columns-is-layout-flex\">\n<div class=\"wp-block-column is-layout-flow wp-block-column-is-layout-flow\" style=\"flex-basis:40%\">\n<h2 class=\"wp-block-heading has-large-font-size\">Estrat\u00e9gias para Redes Sociais<\/h2>\n\n\n\n<figure class=\"wp-block-image size-large\"><img loading=\"lazy\" decoding=\"async\" width=\"1024\" height=\"768\" src=\"http:\/\/classmarketing.com.br\/wp-content\/uploads\/2024\/03\/vendas.png?w=1024\" alt=\"\" class=\"wp-image-35\" srcset=\"https:\/\/classmarketing.com.br\/wp-content\/uploads\/2024\/03\/vendas.png 1024w, https:\/\/classmarketing.com.br\/wp-content\/uploads\/2024\/03\/vendas-300x225.png 300w, https:\/\/classmarketing.com.br\/wp-content\/uploads\/2024\/03\/vendas-768x576.png 768w\" sizes=\"auto, (max-width: 1024px) 100vw, 1024px\" \/><\/figure>\n<\/div>\n\n\n\n<div class=\"wp-block-column is-layout-flow wp-block-column-is-layout-flow\">\n<p>Relacionamento e conte\u00fado geram vendas.<br>Seja relevante para seu cliente nas redes sociais.<\/p>\n\n\n\n<p>Todos sabem que as redes sociais s\u00e3o essenciais para seus neg\u00f3cios, mas n\u00e3o sabem como us\u00e1-las de forma objetiva.<\/p>\n\n\n\n<p>Voc\u00ea mesmo vai gerenciar:<\/p>\n\n\n\n<ul class=\"wp-block-list\">\n<li>As diferentes estrat\u00e9gias para cada Rede Social<\/li>\n\n\n\n<li>Planejamento de seus conte\u00fados para atrair e nutrir seu p\u00fablico<\/li>\n\n\n\n<li>Quando e como investir em posts patrocinados<\/li>\n<\/ul>\n<\/div>\n<\/div>\n\n\n\n<hr class=\"wp-block-separator alignwide has-text-color has-alpha-channel-opacity has-background is-style-wide\" style=\"background-color:#4747471a;color:#4747471a\" \/>\n\n\n\n<div class=\"wp-block-columns alignwide is-layout-flex wp-container-core-columns-is-layout-9d6595d7 wp-block-columns-is-layout-flex\">\n<div class=\"wp-block-column is-layout-flow wp-block-column-is-layout-flow\" style=\"flex-basis:40%\">\n<h2 class=\"wp-block-heading has-large-font-size\">Inspire<\/h2>\n\n\n\n<figure class=\"wp-block-image size-large\"><img loading=\"lazy\" decoding=\"async\" width=\"810\" height=\"450\" src=\"http:\/\/classmarketing.com.br\/wp-content\/uploads\/2024\/03\/inspire.png?w=810\" alt=\"\" class=\"wp-image-38\" srcset=\"https:\/\/classmarketing.com.br\/wp-content\/uploads\/2024\/03\/inspire.png 810w, https:\/\/classmarketing.com.br\/wp-content\/uploads\/2024\/03\/inspire-300x167.png 300w, https:\/\/classmarketing.com.br\/wp-content\/uploads\/2024\/03\/inspire-768x427.png 768w\" sizes=\"auto, (max-width: 810px) 100vw, 810px\" \/><\/figure>\n<\/div>\n\n\n\n<div class=\"wp-block-column is-layout-flow wp-block-column-is-layout-flow\">\n<p><strong>Transforme sua maneira de se relacionar com seu trabalho<\/strong><br>Esse \u00e9 um curso que quebra paradigmas. Pare de trabalhar s\u00f3 para se sustentar e atinja o sucesso todos os dias!<br>Seja a solu\u00e7\u00e3o, o que voc\u00ea faz \u00e9 muito mais relevante do que pensa e as impress\u00f5es que deixa em cada cliente, cada colega ou chefe que passe por voc\u00ea, \u00e9 que fazem o seu cart\u00e3o de visitas.<\/p>\n\n\n\n<p class=\"has-text-align-center\">Respira, n\u00e3o pira!<\/p>\n\n\n\n<p>Uma aula sobre Autogerenciamento e Marketing Pessoal que transforma seu relacionamento com a rotina.<\/p>\n<\/div>\n<\/div>\n\n\n\n<hr class=\"wp-block-separator alignwide has-text-color has-alpha-channel-opacity has-background is-style-wide\" style=\"background-color:#4747471a;color:#4747471a\" \/>\n<\/div><\/div>\n\n\n\n<div style=\"height:calc( 0.25 * var(--wp--style--root--padding-right, var(--wp--custom--gap--horizontal)))\" aria-hidden=\"true\" class=\"wp-block-spacer\"><\/div>\n<\/div><\/div>\n\n\n\n<div class=\"wp-block-group alignfull is-content-justification-center\" style=\"margin-top:0;margin-bottom:0;padding-top:calc( 0.5 * var(--wp--style--root--padding-right, var(--wp--custom--gap--horizontal)));padding-right:var(--wp--style--root--padding-right, var(--wp--custom--gap--horizontal));padding-bottom:calc( 0.5 * var(--wp--style--root--padding-right, var(--wp--custom--gap--horizontal)));padding-left:var(--wp--style--root--padding-left, var(--wp--custom--gap--horizontal))\"><div class=\"wp-block-group__inner-container is-layout-constrained wp-container-core-group-is-layout-b073b61b wp-block-group-is-layout-constrained\">\n<div style=\"height:calc( 0.25 * var(--wp--style--root--padding-right, var(--wp--custom--gap--horizontal)))\" aria-hidden=\"true\" class=\"wp-block-spacer\"><\/div>\n\n\n\n<div class=\"wp-block-columns alignwide are-vertically-aligned-center is-layout-flex wp-container-core-columns-is-layout-4d397ad4 wp-block-columns-is-layout-flex\">\n<div class=\"wp-block-column is-layout-flow wp-block-column-is-layout-flow\" style=\"flex-basis:40%\">\n<h2 class=\"wp-block-heading has-text-align-left has-x-large-font-size\">Cative<\/h2>\n\n\n\n<figure class=\"wp-block-image size-large\"><img loading=\"lazy\" decoding=\"async\" width=\"810\" height=\"450\" src=\"http:\/\/classmarketing.com.br\/wp-content\/uploads\/2024\/03\/cative.png?w=810\" alt=\"\" class=\"wp-image-40\" srcset=\"https:\/\/classmarketing.com.br\/wp-content\/uploads\/2024\/03\/cative.png 810w, https:\/\/classmarketing.com.br\/wp-content\/uploads\/2024\/03\/cative-300x167.png 300w, https:\/\/classmarketing.com.br\/wp-content\/uploads\/2024\/03\/cative-768x427.png 768w\" sizes=\"auto, (max-width: 810px) 100vw, 810px\" \/><\/figure>\n<\/div>\n\n\n\n<div class=\"wp-block-column is-layout-flow wp-block-column-is-layout-flow\">\n<p><strong>Voc\u00ea \u00e9 uma marca!<br><\/strong>Seja uma marca que ocupa a mente de seus clientes de forma positiva, em tr\u00eas m\u00f3dulos voc\u00ea conhece ferramentas para a trabalhar comportamentos e atitudes que transformam sua maneira de se relacionar.<\/p>\n\n\n\n<p>Se destaque agregando valores!<\/p>\n\n\n\n<p>Uma aula sobre Marketing Pessoal na pr\u00e1tica.<\/p>\n<\/div>\n<\/div>\n\n\n\n<hr class=\"wp-block-separator alignwide has-text-color has-alpha-channel-opacity has-background is-style-wide\" style=\"background-color:#4747471a;color:#4747471a\" \/>\n\n\n\n<div class=\"wp-block-group alignfull is-content-justification-center\" style=\"margin-top:0;margin-bottom:0;padding-top:calc( 0.5 * var(--wp--style--root--padding-right, var(--wp--custom--gap--horizontal)));padding-right:var(--wp--style--root--padding-right, var(--wp--custom--gap--horizontal));padding-bottom:calc( 0.5 * var(--wp--style--root--padding-right, var(--wp--custom--gap--horizontal)));padding-left:var(--wp--style--root--padding-left, var(--wp--custom--gap--horizontal))\"><div class=\"wp-block-group__inner-container is-layout-constrained wp-container-core-group-is-layout-b073b61b wp-block-group-is-layout-constrained\">\n<div style=\"height:calc( 0.25 * var(--wp--style--root--padding-right, var(--wp--custom--gap--horizontal)))\" aria-hidden=\"true\" class=\"wp-block-spacer\"><\/div>\n\n\n\n<div class=\"wp-block-columns alignwide are-vertically-aligned-center is-layout-flex wp-container-core-columns-is-layout-4d397ad4 wp-block-columns-is-layout-flex\">\n<div class=\"wp-block-column is-layout-flow wp-block-column-is-layout-flow\" style=\"flex-basis:40%\">\n<h2 class=\"wp-block-heading has-text-align-left has-x-large-font-size\">Encante<\/h2>\n\n\n\n<figure class=\"wp-block-image size-large\"><img loading=\"lazy\" decoding=\"async\" width=\"810\" height=\"450\" src=\"http:\/\/classmarketing.com.br\/wp-content\/uploads\/2024\/03\/encante.png?w=810\" alt=\"\" class=\"wp-image-41\" srcset=\"https:\/\/classmarketing.com.br\/wp-content\/uploads\/2024\/03\/encante.png 810w, https:\/\/classmarketing.com.br\/wp-content\/uploads\/2024\/03\/encante-300x167.png 300w, https:\/\/classmarketing.com.br\/wp-content\/uploads\/2024\/03\/encante-768x427.png 768w\" sizes=\"auto, (max-width: 810px) 100vw, 810px\" \/><\/figure>\n<\/div>\n\n\n\n<div class=\"wp-block-column is-layout-flow wp-block-column-is-layout-flow\">\n<p class=\"wp-container-content-663c14dd\"><strong>Entenda os valores e as expectativas do seu cliente<\/strong><\/p>\n\n\n\n<p class=\"wp-container-content-663c14dd\">Welcome to a world of limitless possibilities, where the journey is as exhilarating as the destination, and where every moment is an opportunity to make your mark on the canvas of existence. The only limit is the extent of your imagination.<\/p>\n<\/div>\n<\/div>\n\n\n\n<div style=\"height:calc( 0.25 * var(--wp--style--root--padding-right, var(--wp--custom--gap--horizontal)))\" aria-hidden=\"true\" class=\"wp-block-spacer\"><\/div>\n<\/div><\/div>\n<\/div><\/div>\n","protected":false},"excerpt":{"rendered":"<p>Direciono sua marca A sua marca \u00e9 seu maior patrim\u00f4nio.Marcas que imprimem qualidade percebida simplificam a tomada de decis\u00e3o do cliente.N\u00e3o seja mais um no mercado, atrav\u00e9s do trabalho de consultoria \u00e9 poss\u00edvel seu pequeno neg\u00f3cio se diferenciar e ocupar um lugar de destaque na mente do seu p\u00fablico-alvo.Diga as pessoas qual seu diferencial: Gero&hellip; <a href=\"https:\/\/classmarketing.com.br\/?page_id=27\" class=\"more-link\">Continuar lendo <span class=\"screen-reader-text\">Servi\u00e7os<\/span><\/a><\/p>\n","protected":false},"author":1,"featured_media":26,"parent":0,"menu_order":0,"comment_status":"closed","ping_status":"closed","template":"","meta":{"footnotes":""},"class_list":["post-27","page","type-page","status-publish","has-post-thumbnail","hentry","with-featured-image"],"yoast_head":"<!-- This site is optimized with the Yoast SEO plugin v25.6 - https:\/\/yoast.com\/wordpress\/plugins\/seo\/ -->\n<title>Servi\u00e7os - Class Marketing | Relacionamento e Marca<\/title>\n<meta name=\"robots\" content=\"index, follow, max-snippet:-1, max-image-preview:large, max-video-preview:-1\" \/>\n<link rel=\"canonical\" href=\"https:\/\/classmarketing.com.br\/?page_id=27\" \/>\n<meta property=\"og:locale\" content=\"pt_BR\" \/>\n<meta property=\"og:type\" content=\"article\" \/>\n<meta property=\"og:title\" content=\"Servi\u00e7os - Class Marketing | Relacionamento e Marca\" \/>\n<meta property=\"og:description\" content=\"Direciono sua marca A sua marca \u00e9 seu maior patrim\u00f4nio.Marcas que imprimem qualidade percebida simplificam a tomada de decis\u00e3o do cliente.N\u00e3o seja mais um no mercado, atrav\u00e9s do trabalho de consultoria \u00e9 poss\u00edvel seu pequeno neg\u00f3cio se diferenciar e ocupar um lugar de destaque na mente do seu p\u00fablico-alvo.Diga as pessoas qual seu diferencial: Gero&hellip; Continuar lendo Servi\u00e7os\" \/>\n<meta property=\"og:url\" content=\"https:\/\/classmarketing.com.br\/?page_id=27\" \/>\n<meta property=\"og:site_name\" content=\"Class Marketing | Relacionamento e Marca\" \/>\n<meta property=\"og:image\" content=\"https:\/\/classmarketing3.wordpress.com\/wp-content\/uploads\/2024\/03\/brand.png?w=825\" \/>\n<meta name=\"twitter:card\" content=\"summary_large_image\" \/>\n<meta name=\"twitter:label1\" content=\"Est. tempo de leitura\" \/>\n\t<meta name=\"twitter:data1\" content=\"2 minutos\" \/>\n<script type=\"application\/ld+json\" class=\"yoast-schema-graph\">{\"@context\":\"https:\/\/schema.org\",\"@graph\":[{\"@type\":\"WebPage\",\"@id\":\"https:\/\/classmarketing.com.br\/?page_id=27\",\"url\":\"https:\/\/classmarketing.com.br\/?page_id=27\",\"name\":\"Servi\u00e7os - Class Marketing | Relacionamento e Marca\",\"isPartOf\":{\"@id\":\"https:\/\/classmarketing.com.br\/#website\"},\"primaryImageOfPage\":{\"@id\":\"https:\/\/classmarketing.com.br\/?page_id=27#primaryimage\"},\"image\":{\"@id\":\"https:\/\/classmarketing.com.br\/?page_id=27#primaryimage\"},\"thumbnailUrl\":\"https:\/\/classmarketing.com.br\/wp-content\/uploads\/2024\/03\/brand.png\",\"datePublished\":\"2024-03-29T20:00:42+00:00\",\"breadcrumb\":{\"@id\":\"https:\/\/classmarketing.com.br\/?page_id=27#breadcrumb\"},\"inLanguage\":\"pt-BR\",\"potentialAction\":[{\"@type\":\"ReadAction\",\"target\":[\"https:\/\/classmarketing.com.br\/?page_id=27\"]}]},{\"@type\":\"ImageObject\",\"inLanguage\":\"pt-BR\",\"@id\":\"https:\/\/classmarketing.com.br\/?page_id=27#primaryimage\",\"url\":\"https:\/\/classmarketing.com.br\/wp-content\/uploads\/2024\/03\/brand.png\",\"contentUrl\":\"https:\/\/classmarketing.com.br\/wp-content\/uploads\/2024\/03\/brand.png\",\"width\":1024,\"height\":768},{\"@type\":\"BreadcrumbList\",\"@id\":\"https:\/\/classmarketing.com.br\/?page_id=27#breadcrumb\",\"itemListElement\":[{\"@type\":\"ListItem\",\"position\":1,\"name\":\"In\u00edcio\",\"item\":\"https:\/\/classmarketing.com.br\/\"},{\"@type\":\"ListItem\",\"position\":2,\"name\":\"Servi\u00e7os\"}]},{\"@type\":\"WebSite\",\"@id\":\"https:\/\/classmarketing.com.br\/#website\",\"url\":\"https:\/\/classmarketing.com.br\/\",\"name\":\"Class Marketing | Relacionamento e Marca\",\"description\":\"Inspirando Mulheres atrav\u00e9s do Marketing\",\"publisher\":{\"@id\":\"https:\/\/classmarketing.com.br\/#organization\"},\"potentialAction\":[{\"@type\":\"SearchAction\",\"target\":{\"@type\":\"EntryPoint\",\"urlTemplate\":\"https:\/\/classmarketing.com.br\/?s={search_term_string}\"},\"query-input\":{\"@type\":\"PropertyValueSpecification\",\"valueRequired\":true,\"valueName\":\"search_term_string\"}}],\"inLanguage\":\"pt-BR\"},{\"@type\":\"Organization\",\"@id\":\"https:\/\/classmarketing.com.br\/#organization\",\"name\":\"Class Marketing | Relacionamento e Marca\",\"url\":\"https:\/\/classmarketing.com.br\/\",\"logo\":{\"@type\":\"ImageObject\",\"inLanguage\":\"pt-BR\",\"@id\":\"https:\/\/classmarketing.com.br\/#\/schema\/logo\/image\/\",\"url\":\"https:\/\/classmarketing.com.br\/wp-content\/uploads\/2024\/03\/cropped-banner-class.png\",\"contentUrl\":\"https:\/\/classmarketing.com.br\/wp-content\/uploads\/2024\/03\/cropped-banner-class.png\",\"width\":1200,\"height\":300,\"caption\":\"Class Marketing |  Relacionamento e Marca\"},\"image\":{\"@id\":\"https:\/\/classmarketing.com.br\/#\/schema\/logo\/image\/\"}}]}<\/script>\n<!-- \/ Yoast SEO plugin. -->","yoast_head_json":{"title":"Servi\u00e7os - Class Marketing | Relacionamento e Marca","robots":{"index":"index","follow":"follow","max-snippet":"max-snippet:-1","max-image-preview":"max-image-preview:large","max-video-preview":"max-video-preview:-1"},"canonical":"https:\/\/classmarketing.com.br\/?page_id=27","og_locale":"pt_BR","og_type":"article","og_title":"Servi\u00e7os - Class Marketing | Relacionamento e Marca","og_description":"Direciono sua marca A sua marca \u00e9 seu maior patrim\u00f4nio.Marcas que imprimem qualidade percebida simplificam a tomada de decis\u00e3o do cliente.N\u00e3o seja mais um no mercado, atrav\u00e9s do trabalho de consultoria \u00e9 poss\u00edvel seu pequeno neg\u00f3cio se diferenciar e ocupar um lugar de destaque na mente do seu p\u00fablico-alvo.Diga as pessoas qual seu diferencial: Gero&hellip; Continuar lendo Servi\u00e7os","og_url":"https:\/\/classmarketing.com.br\/?page_id=27","og_site_name":"Class Marketing | Relacionamento e Marca","og_image":[{"url":"https:\/\/classmarketing3.wordpress.com\/wp-content\/uploads\/2024\/03\/brand.png?w=825","type":"","width":"","height":""}],"twitter_card":"summary_large_image","twitter_misc":{"Est. tempo de leitura":"2 minutos"},"schema":{"@context":"https:\/\/schema.org","@graph":[{"@type":"WebPage","@id":"https:\/\/classmarketing.com.br\/?page_id=27","url":"https:\/\/classmarketing.com.br\/?page_id=27","name":"Servi\u00e7os - Class Marketing | Relacionamento e Marca","isPartOf":{"@id":"https:\/\/classmarketing.com.br\/#website"},"primaryImageOfPage":{"@id":"https:\/\/classmarketing.com.br\/?page_id=27#primaryimage"},"image":{"@id":"https:\/\/classmarketing.com.br\/?page_id=27#primaryimage"},"thumbnailUrl":"https:\/\/classmarketing.com.br\/wp-content\/uploads\/2024\/03\/brand.png","datePublished":"2024-03-29T20:00:42+00:00","breadcrumb":{"@id":"https:\/\/classmarketing.com.br\/?page_id=27#breadcrumb"},"inLanguage":"pt-BR","potentialAction":[{"@type":"ReadAction","target":["https:\/\/classmarketing.com.br\/?page_id=27"]}]},{"@type":"ImageObject","inLanguage":"pt-BR","@id":"https:\/\/classmarketing.com.br\/?page_id=27#primaryimage","url":"https:\/\/classmarketing.com.br\/wp-content\/uploads\/2024\/03\/brand.png","contentUrl":"https:\/\/classmarketing.com.br\/wp-content\/uploads\/2024\/03\/brand.png","width":1024,"height":768},{"@type":"BreadcrumbList","@id":"https:\/\/classmarketing.com.br\/?page_id=27#breadcrumb","itemListElement":[{"@type":"ListItem","position":1,"name":"In\u00edcio","item":"https:\/\/classmarketing.com.br\/"},{"@type":"ListItem","position":2,"name":"Servi\u00e7os"}]},{"@type":"WebSite","@id":"https:\/\/classmarketing.com.br\/#website","url":"https:\/\/classmarketing.com.br\/","name":"Class Marketing | Relacionamento e Marca","description":"Inspirando Mulheres atrav\u00e9s do Marketing","publisher":{"@id":"https:\/\/classmarketing.com.br\/#organization"},"potentialAction":[{"@type":"SearchAction","target":{"@type":"EntryPoint","urlTemplate":"https:\/\/classmarketing.com.br\/?s={search_term_string}"},"query-input":{"@type":"PropertyValueSpecification","valueRequired":true,"valueName":"search_term_string"}}],"inLanguage":"pt-BR"},{"@type":"Organization","@id":"https:\/\/classmarketing.com.br\/#organization","name":"Class Marketing | Relacionamento e Marca","url":"https:\/\/classmarketing.com.br\/","logo":{"@type":"ImageObject","inLanguage":"pt-BR","@id":"https:\/\/classmarketing.com.br\/#\/schema\/logo\/image\/","url":"https:\/\/classmarketing.com.br\/wp-content\/uploads\/2024\/03\/cropped-banner-class.png","contentUrl":"https:\/\/classmarketing.com.br\/wp-content\/uploads\/2024\/03\/cropped-banner-class.png","width":1200,"height":300,"caption":"Class Marketing |  Relacionamento e Marca"},"image":{"@id":"https:\/\/classmarketing.com.br\/#\/schema\/logo\/image\/"}}]}},"_links":{"self":[{"href":"https:\/\/classmarketing.com.br\/index.php?rest_route=\/wp\/v2\/pages\/27","targetHints":{"allow":["GET"]}}],"collection":[{"href":"https:\/\/classmarketing.com.br\/index.php?rest_route=\/wp\/v2\/pages"}],"about":[{"href":"https:\/\/classmarketing.com.br\/index.php?rest_route=\/wp\/v2\/types\/page"}],"author":[{"embeddable":true,"href":"https:\/\/classmarketing.com.br\/index.php?rest_route=\/wp\/v2\/users\/1"}],"replies":[{"embeddable":true,"href":"https:\/\/classmarketing.com.br\/index.php?rest_route=%2Fwp%2Fv2%2Fcomments&post=27"}],"version-history":[{"count":0,"href":"https:\/\/classmarketing.com.br\/index.php?rest_route=\/wp\/v2\/pages\/27\/revisions"}],"wp:featuredmedia":[{"embeddable":true,"href":"https:\/\/classmarketing.com.br\/index.php?rest_route=\/wp\/v2\/media\/26"}],"wp:attachment":[{"href":"https:\/\/classmarketing.com.br\/index.php?rest_route=%2Fwp%2Fv2%2Fmedia&parent=27"}],"curies":[{"name":"wp","href":"https:\/\/api.w.org\/{rel}","templated":true}]}}